 = -11 - 27. List the prime factors of (-7429)/i - (-2)/4.
2, 7
Suppose 7832 + 27556 = 6*p. Suppose -2 = -8*h + 6*h, 4*x - p = -2*h. What are the prime factors of x?
2, 11, 67
Let z(p) = p**3 - 9*p**2 - 3*p - 61. Suppose s = -13 + 16, -3*n + 4*s + 21 = 0. What are the prime factors of z(n)?
2, 37
List the prime factors of (-49)/(-49)*(11072 - 1) + 5 + 1.
11, 19, 53
Suppose -215381 = -3*r - 2*m, -434243 + 75236 = -5*r - 13*m. What are the prime factors of r?
17, 41, 103
Let q(x) = 5*x + 787. Let o be q(-13). Let v(p) = -61*p - 6. Let d be v(-6). Suppose -2*m - 122 = 5*h - o, -3*h - m + d = 0. What are the prime factors of h?
2, 3, 5
Suppose 2487*i = 2486*i + 4009. List the prime factors of i.
19, 211
Let f(y) = 16*y**2 + y + 16. Let k be f(3). Suppose 3*j = -j. Suppose -3*t + 3*w + 138 = 0, -4*t - 3*w + j*w + k = 0. List the prime factors of t.
43
Let o = 30 + -33. Let i be (-40)/(16/(-4)) + o. Suppose 37 - i = 3*f. List the prime factors of f.
2, 5
Let j(i) = 4*i**3 + 17*i**2 - 23*i + 40. Let s(t) = t**3 + t + 2. Let r(g) = j(g) - 5*s(g). What are the prime factors of r(12)?
2, 3, 23
Let d = 836 + 280. Let h = d + 370. List the prime factors of h.
2, 743
Suppose 32 = 3*n + 80. Let p be (3 - n/(-6))*177. Suppose -3*r - p = -2*v + 198, -3*v - 2*r + 353 = 0. List the prime factors of v.
11
Let k(c) = -91*c**3 + 11*c**2 - 58*c - 547. List the prime factors of k(-7).
3, 41, 257
Let l = -53 - -210. Let h = 32 - 34. List the prime factors of h/((-3)/l*10/15).
157
Let n = 172 + -134. Suppose -34*h + n*h - 640 = 0. What are the prime factors of h?
2, 5
Let k = 4 - 2. Suppose -9*x = 63 - 144. Suppose x = k*s - 119. What are the prime factors of s?
2
Let k = 10157 + -7142. What are the prime factors of k?
3, 5, 67
Suppose -379*c - 5146 = -2174921. List the prime factors of c.
5, 229
Let o(q) = 4*q + 21. Let j be 3/5 + 1/10*-86. Let h be 28/j*-2*1. What are the prime factors of o(h)?
7
Let w(y) = 1557*y**3 + 223*y**2 + 10. List the prime factors of w(3).
2, 5507
Suppose 10 = -5*i, 2*i - 784 = -4*j - 0*j. Let q = 352 - j. List the prime factors of q.
5, 31
Let a = -33724 + 70477. List the prime factors of a.
3, 12251
Let u be -2*3/(-1)*(-16)/(-48). Suppose u*b - 2*i = 3038, 5*i - 3066 = 2*b - 4*b. List the prime factors of b.
1523
Suppose 42*n - 110*n + 122920 = -40*n. List the prime factors of n.
2, 5, 439
Suppose -4*d = -2*t, 3*t + d = 6 + 1. Suppose 0 = 2*x + t, -2*b = -19*x + 20*x - 2699. List the prime factors of b.
2, 3, 5
Suppose 2*r - 5196 = -4*p, p + 93 = 3*r - 7736. List the prime factors of r.
2, 163
Suppose 3*i - 7557 = 8*m, -12491 = -8*i + 3*i - 4*m. What are the prime factors of i?
2503
Let v = 6825 - 4529. Suppose -11*a + 3*a = -v. List the prime factors of a.
7, 41
Suppose 1644*r - 1772*r + 1105358 + 233138 = 0. What are the prime factors of r?
10457
Suppose -6 - 34 = -4*i. Suppose 3*y - i*y = -2842. List the prime factors of y.
2, 7, 29
Suppose 0 = -d + 5*l + 5810, 0 = -0*l - 2*l + 8. List the prime factors of d.
2, 5, 11, 53
Let n = 437 - 188. Let x = n + 50. List the prime factors of x.
13, 23
Suppose 0 = -5*k + m - 8 + 14, -3*k + 26 = 5*m. Let p(d) be the first derivative of 53*d**2 - 6*d + 13. List the prime factors of p(k).
2, 103
Let w(p) = -22*p + 87. Let v(m) = -44*m + 174. Let k(z) = -4*v(z) + 9*w(z). What are the prime factors of k(-31)?
769
Suppose 9*z = -35 + 98. Let v = -67 + z. List the prime factors of 277/3 - (-20)/v.
2, 23
Let r(i) = 188*i + 1885. What are the prime factors of r(59)?
19, 683
Let h = -73710 - -109171. List the prime factors of h.
35461
Let k(g) = -g**2 - 7*g - 8. Let h be k(-7). Let i(n) = -n. Let r be i(h). Suppose -2*u - 510 = -r*u. List the prime factors of u.
5, 17
Let i = -20 + 22. Let c(h) = -21*h + h**2 - 11*h**i + 4*h**2 + 5*h**2 - 18. What are the prime factors of c(-16)?
2, 31
List the prime factors of (3/4)/((-273)/(-1734460)).
5, 953
Let m = 5474 + 8858. List the prime factors of m.
2, 3583
Let a(v) = -v**2 - 18*v - 15. Let t be a(-19). Let u be (2/(-11) + (-140)/77)*t. Suppose -71*k = -u*k - 30. What are the prime factors of k?
2, 5
Suppose -m = 13*m - 174398. Suppose -18*u - 3457 + m = 0. List the prime factors of u.
2, 5
Let o(r) = r**3 - 6*r**2 + r - 3. Let t be o(6). Suppose 10*j = -t*j + 156. Suppose 25*l - j*l - 2886 = 0. List the prime factors of l.
2, 3, 37
Let z be 9/(-9)*-9*37. Let f = 388 + z. What are the prime factors of f?
7, 103
What are the prime factors of ((-4682)/(-14))/(288/12096)?
2, 3, 2341
List the prime factors of 103712/56*14/8.
7, 463
Suppose 4*o + n - 920 = 0, 6*n = 4*o + 2*n - 900. Let a(d) = -d**3 - 5*d**2 + 6*d - 5. Let t be a(4). Let s = o + t. List the prime factors of s.
2, 13
Let h(i) = 1777*i + 126. What are the prime factors of h(3)?
3, 17, 107
Suppose -5*f = 5*p + 5, 4*p + 1 = 3*p. Suppose 4*g - 5*t - 1875 = -420, f = -3*g + 2*t + 1100. What are the prime factors of g?
2, 5, 37
Suppose -48*v = -299296 - 1933542 - 330650. What are the prime factors of v?
2, 3, 23, 43
Suppose 228398 + 241635 = 12*z + 120257. What are the prime factors of z?
2, 3, 7, 347
Let k(w) = -6*w**3 + 3*w**2 + 7*w - 4. Let r(g) = g**2 + 2*g - 9. Let j be r(3). Let c be k(j). List the prime factors of c/(-12) + -6 + 222/36.
2, 3
Let x be 1170/325 - (-3)/(-5). Suppose 0 = 3*i - x*t - 1749, i - 4*t - 295 - 300 = 0. What are the prime factors of i?
3, 193
Suppose g - 36393 = -3*g - 3*w, 3*g + 2*w - 27296 = 0. List the prime factors of g.
2, 3, 37, 41
List the prime factors of (-9020)/6*(221 + -227).
2, 5, 11, 41
Let k(g) = 525*g**3 - g**2 + 9*g - 10. List the prime factors of k(2).
2, 1051
Let x(v) be the first derivative of -v**3/3 + 19*v**2 - 23*v - 35. List the prime factors of x(19).
2, 13
Let r be 126/(-28)*2/(-3). Suppose -r*t - 4*i = -2*i - 2128, -t + i = -706. What are the prime factors of t?
2, 3, 59
Let p(t) = -2*t + 7. Let y be p(6). Let w(k) be the third derivative of k**6/120 + k**5/15 - 3*k**4/8 + 11*k**3/6 - 207*k**2. List the prime factors of w(y).
31
Let p be (-15)/4*(-32)/8. Suppose -3*w - p = 0, 3*y - 2*w - 3666 = w. List the prime factors of y.
1217
Let q(k) = -5653*k + 1020. What are the prime factors of q(-3)?
3, 13, 461
Let h(c) = -c**3 - 12*c**2 + 105*c + 101. What are the prime factors of h(-27)?
59, 139
Let g = 3 - 5. Let a(t) = 2*t - 3. Let y be a(g). Let s = 12 + y. What are the prime factors of s?
5
Let v = 48302 - 12660. What are the prime factors of v?
2, 71, 251
Let v = -30 + 39. Suppose -22*n + 5044 = -v*n. List the prime factors of n.
2, 97
Let z be (-1308 - -2)*(14/(-4))/(-7). Let y = -341 - z. List the prime factors of y.
2, 3, 13
Let b(s) = s + 14. Let t be b(0). Let o(f) be the second derivative of -f**5/20 + 13*f**4/12 + 17*f**3/6 + 10*f**2 + 930*f. List the prime factors of o(t).
2, 31
Suppose 3*g - 186 = 8*g - 3*n, 0 = -3*g + 5*n - 118. Let s(o) = o**2 + 20*o - 75. What are the prime factors of s(g)?
3, 167
Let u(t) = t**3 - 9*t**2 - 14*t + 61. Let a be u(10). What are the prime factors of ((-66)/5)/(a/(-105))?
2, 3, 11
Let a = -48 - -99. Suppose a*k + 3264 = 57*k. List the prime factors of k.
2, 17
Suppose -44467 = -10*l + 31323. Suppose 0*q = 11*q - l. List the prime factors of q.
13, 53
Let t(f) = 2*f + 14*f**2 - 26*f + 10*f + 16 + 0 + f**3. Let b be t(-15). Suppose -229 + b = -6*p. What are the prime factors of p?
2, 19
List the prime factors of 2323 + 45 - (2 - 5).
2371
Let f(s) = 146*s - 1188. List the prime factors of f(27).
2, 3, 17
Let c be (0 + 6/15)*10. Suppose -5 = c*b - 21. Suppose -2*z - h + 18 = 0, 0*z - 2*h - 52 = -b*z. List the prime factors of z.
11
Let u(y) = -y**3 - 17*y**2 + 17*y - 20. Let p be u(-18). Let d = -3 - p. What are the prime factors of 12/3 - -13 - d?
2, 3
Suppose 308*p - 300*p - 69496 = 0. What are the prime factors of p?
7, 17, 73
Suppose -25*w + 33 = -14*w. Suppose -2*v = 2*h + 2 - 4, -w*h = 2*v - 4. Suppose -5*x + 149 = o - x, -h*x - 4 = 0. List the prime factors of o.
157
Let z(a) = -47*a**3 + 17*a**2 + 35*a + 6. List the prime factors of z(-2).
2, 5, 19
Suppose 104 = -11*m - 61. List the prime factors of (204/9)/(-1)*m.
2, 5, 17
Let c(h) = 11*h**3 + 1. Let a be c(-1). Let u = a + 446. Suppose 4*b + u = 8*b. List the prime factors of b.
109
Let r(w) = -16 + 18*w + 18*w - w**2 - 110 + 13*w. What are the prime 